e the greatest common factor of 412305728 and 192.
64
What is the highest common divisor of 2260 and 11756?
4
Calculate the highest common divisor of 29280 and 519168.
96
What is the highest common divisor of 44190 and 206082?
18
Calculate the highest common divisor of 1362 and 2026202.
454
Calculate the greatest common factor of 19854 and 1093266.
18
What is the highest common factor of 3416553 and 945?
189
What is the highest common factor of 3358968 and 1053318?
4854
What is the greatest common divisor of 446472 and 39156?
156
What is the greatest common factor of 324045 and 253590795?
17055
Calculate the greatest common factor of 68677390 and 10.
10
What is the greatest common factor of 24856 and 91752?
8
What is the highest common factor of 10 and 1874914060?
10
Calculate the greatest common factor of 6205 and 45980510.
365
Calculate the highest common factor of 4761 and 23837913.
207
What is the highest common factor of 1204 and 495432?
28
Calculate the highest common factor of 327105 and 293183.
2423
Calculate the greatest common divisor of 816570 and 1272585.
645
Calculate the highest common factor of 19325660 and 380.
380
Calculate the greatest common factor of 7737851 and 11.
11
Calculate the highest common divisor of 1184796197 and 26.
13
What is the greatest common divisor of 515 and 5521727?
103
Calculate the greatest common factor of 6037 and 33330277.
6037
What is the greatest common factor of 24248419 and 26?
13
What is the highest common factor of 747 and 214591437?
747
What is the greatest common divisor of 1922782 and 52544?
1642
Calculate the highest common factor of 3900 and 1408173.
39
What is the highest common factor of 269514 and 16085142?
1242
What is the greatest common divisor of 121900 and 625?
25
Calculate the highest common divisor of 12 and 228038528.
4
Calculate the greatest common factor of 59925981 and 228.
57
What is the highest common factor of 335363 and 21643?
23
Calculate the greatest common factor of 105851 and 11929.
151
What is the greatest common divisor of 3523719 and 15714?
291
What is the highest common divisor of 160874690 and 610?
610
What is the greatest common factor of 5043 and 1052127814?
1681
Calculate the greatest common divisor of 292290 and 41250.
30
Calculate the highest common divisor of 1070 and 9259245.
535
What is the highest common factor of 45507839 and 91?
13
What is the greatest common factor of 12963383 and 1697?
1697
Calculate the highest common divisor of 36 and 50466399.
3
What is the greatest common divisor of 2635473 and 888?
111
Calculate the greatest common divisor of 4173787 and 2185.
437
Calculate the greatest common factor of 15 and 140473.
1
What is the greatest common factor of 774677 and 986?
29
What is the highest common divisor of 70893652 and 124?
124
What is the highest common factor of 2190 and 7247880?
30
What is the highest common divisor of 16 and 108653648?
16
Calculate the greatest common factor of 22833 and 8685.
9
Calculate the greatest common factor of 95391 and 1053.
27
What is the greatest common factor of 2600 and 5512?
104
Calculate the greatest common factor of 21854 and 2844142.
3122
Calculate the highest common divisor of 180 and 6138945.
45
Calculate the greatest common divisor of 2 and 9476798.
2
What is the highest common factor of 566618333 and 37?
37
What is the greatest common divisor of 196978896 and 9060?
1812
Calculate the highest common divisor of 7766 and 2724454.
706
Calculate the highest common factor of 28583094 and 54.
6
Calculate the highest common divisor of 685 and 76895.
5
What is the highest common divisor of 178470 and 22007995?
3305
What is the highest common divisor of 2032684 and 4?
4
What is the highest common factor of 4559598 and 108?
54
Calculate the greatest common divisor of 10160 and 917872.
16
What is the highest common divisor of 494 and 9134307?
247
Calculate the highest common factor of 50973 and 300.
3
What is the greatest common divisor of 1045 and 249887?
11
What is the highest common divisor of 1616 and 1397941?
101
Calculate the greatest common divisor of 148 and 615165922.
74
What is the highest common factor of 790560 and 644760?
3240
What is the greatest common factor of 10 and 1190330?
10
Calculate the highest common factor of 9511621 and 14.
7
Calculate the highest common divisor of 2190 and 152933540.
730
Calculate the greatest common divisor of 30127148 and 92.
92
What is the greatest common factor of 35422 and 485560?
398
What is the greatest common factor of 3505 and 590254618?
701
Calculate the greatest common factor of 804 and 146061876.
804
Calculate the highest common divisor of 124337408 and 832.
832
Calculate the highest common divisor of 36519225 and 7350.
75
Calculate the highest common factor of 19379550 and 12.
6
What is the highest common divisor of 860461 and 1319571?
1481
Calculate the greatest common factor of 24264086 and 44.
22
Calculate the highest common divisor of 8412913 and 123.
41
Calculate the greatest common factor of 682 and 2863346.
62
What is the greatest common divisor of 4122206 and 1639?
11
Calculate the greatest common factor of 31901832 and 24.
24
What is the highest common factor of 372 and 3905194?
62
What is the greatest common factor of 3084690 and 2310?
210
What is the highest common divisor of 2548318 and 1634?
38
What is the highest common factor of 8945 and 9460232?
1789
What is the greatest common divisor of 297 and 4709763?
9
What is the greatest common factor of 20724104 and 6348?
2116
What is the greatest common factor of 22505 and 220255?
35
What is the greatest common factor of 91704960 and 24?
24
What is the greatest common divisor of 11081 and 1805316520?
11081
What is the greatest common factor of 7680 and 93407840?
160
Calculate the greatest common factor of 10726 and 146855548.
346
Calculate the highest common factor of 17302656 and 9102.
246
Calculate the highest common divisor of 1032 and 1024536.
24
Calculate the greatest common factor of 78680 and 640640.
280
Calculate the greatest common divisor of 1419 and 373539.
3
What is the highest common divisor of 737 and 67144?
11
Calculate the greatest common factor of 18 and 4306314.
6
What is the greatest common divisor of 57892 and 72702468?
1412
What is the highest common factor of 1032 and 103561544?
344
What is the highest common divisor of 24 and 8948008?
8
What is the highest common factor of 891 and 483087?
33
What is the highest common divisor of 336092 and 3260783?
1151
What is the greatest common factor of 24 and 69096648?
24
Calculate the highest common factor of 24592 and 1283872.
848
What is the highest common divisor of 1024 and 3510752?
32
What is the highest common factor of 40697790 and 910?
70
Calculate the highest common factor of 106 and 2629322898.
106
What is the highest common factor of 20949687 and 140679?
2871
Calculate the highest common divisor of 345744 and 445704.
1176
Calculate the highest common divisor of 11306665 and 580.
145
Calculate the highest common divisor of 235632701 and 1186.
593
Calculate the highest common factor of 664 and 22102568.
664
What is the highest common factor of 3827 and 137201777?
3827
Calculate the greatest common divisor of 177134 and 4154.
62
Calculate the highest common divisor of 2537968 and 4006792.
9992
Calculate the highest common factor of 153 and 109803.
51
Calculate the greatest common factor of 43776 and 130644.
684
Calculate the greatest common factor of 72 and 10073358.
18
What is the highest common factor of 52409322 and 441?
441
What is the highest common factor of 9398950 and 9614?
506
What is the greatest common divisor of 23986 and 268?
134
What is the highest common divisor of 10398 and 36294?
6
Calculate the greatest common divisor of 142546 and 557034.
526
Calculate the greatest common factor of 1108 and 5904809.
277
Calculate the highest common divisor of 208 and 6236685.
13
Calculate the greatest common divisor of 97978959 and 351.
117
What is the greatest common divisor of 26788 and 3108?
148
Calculate the highest common divisor of 326109 and 4140969.
6153
Calculate the highest common factor of 95265830 and 176.
22
Calculate the greatest common factor of 2153400 and 851.
37
Calculate the greatest common divisor o